Let d(n) = -n - n**2 - 3 + 1 - 5 + k. Determine d(-2).
-4
Let h(u) = -2*u**2 - 1 + 11*u**3 - 3*u - 8*u**3 - 2*u**3 + 0*u**3. Calculate h(3).
-1
Let b(g) = g**3 - 6*g**2 + 3*g - 18. Let x be b(6). Let i(f) = -f**2 + 27. Determine i(x).
27
Let t be 6/4 + 4/(-8). Let u(r) = r**2 - 1. Let z be u(t). Let s(f) = f**3 - f**2 - f - 4. Give s(z).
-4
Let d(b) = 5*b - 3 + 0 + 2. Calculate d(1).
4
Let m(c) = -5*c**3 - c**2 + 3*c. Let u(d) = 14*d**3 + 4*d**2 - 8*d - 1. Let i(x) = 17*m(x) + 6*u(x). Calculate i(7).
15
Let b(h) be the first derivative of 7*h**4/4 - h**3/3 - h**2/2 - 8. Calculate b(-1).
-7
Let n(y) = -5*y - 6. Let k(f) = -9*f - 11. Let u(q) = -3*k(q) + 5*n(q). Calculate u(-3).
-3
Suppose 2*k - q + 1 = 4*k, -4*k - 5*q - 7 = 0. Let n(v) = -4 - 4*v**2 - 3*v**k - v**3 + 3*v + 4*v**2. Let a = -8 + 4. Give n(a).
0
Let r(m) = -m - 4. Let d(x) = x**3 - 5*x**2 - 6*x - 1. Let p be d(6). Let g(b) = -b. Let n(v) = p*r(v) + 2*g(v). Determine n(0).
4
Let k(i) = i - 11. Suppose -20 = -5*t - 3*r, 3*r - 10 = 5*t - 0*r. Let n = t + -1. Give k(n).
-11
Suppose -2*k - 2*k - 12 = 0. Let a(h) = -5*h - 4. Determine a(k).
11
Let k(o) = 2*o**2 - 4*o + 1. Let b(r) = -5*r**2 + 9*r - 2. Suppose -4 = -2*u + 2. Let f(d) = u*b(d) + 7*k(d). Calculate f(-3).
-5
Let v(h) be the third derivative of 0*h + 1/60*h**5 - h**2 + 2/3*h**3 + 0 + 1/24*h**4. Determine v(-3).
10
Suppose -4*r - 2*i = -8 + 40, 2 = 3*r - 5*i. Let j(q) = q**2 + 8*q + 8. Give j(r).
-4
Let l = -1 + -1. Let j be l/7 - (-99)/(-21). Let o(w) be the second derivative of w**3/6 + 7*w**2/2 - 120*w. Calculate o(j).
2
Let r(s) = -s + 4. Let g(u) = -4*u + 17. Let y(w) = -2*g(w) + 9*r(w). Suppose -8 = -3*p + 7. Let v = p + -1. What is y(v)?
-2
Let v(m) = m**3 - 2*m**2 - 2. Suppose -2*g + 18 = 4*j, 0 = 3*j + 5*g - 0*g - 24. What is v(j)?
7
Let q(d) = -d**3 - d**2 - 2*d - 1. Suppose 5*j + 2 + 8 = 0. Determine q(j).
7
Let t(i) = 2*i**3 - 9*i**2 - 11*i - 7. Let x(q) = q**3 - 4*q**2 - 5*q - 3. Let k(c) = -4*t(c) + 9*x(c). Let d be 1*(2 - (-5 + 3 - -3)). Determine k(d).
1
Let i be (15/(-10))/(1/16). Let o = -21 - i. Let p(l) = l**3 - 3*l**2 + 2. Calculate p(o).
2
Let b be (-6)/6 - 3*-2. Let v(s) = s**2 - 7*s + 3. What is v(b)?
-7
Let p(g) = -4*g**2 - 7*g - 5. Let i(w) = -7*w**2 - 14*w - 10. Let j(b) = -3*i(b) + 5*p(b). Suppose -5*u = -6*u + 4. Let k = u - 9. Give j(k).
-5
Let p(i) be the third derivative of i**5/30 - i**4/4 + 11*i**3/6 + i**2. Let f(d) = -d**2 + 3*d - 6. Let g(n) = 5*f(n) + 3*p(n). Give g(4).
7
Let f(m) = m**3 + 12*m**2 - 2*m - 11. Let s(y) = y**2 - y - 1. Let c(q) = -f(q) + 6*s(q). Give c(-5).
0
Let k(r) = -7*r + 5. Let x be k(2). Let s(n) = n + 9. Give s(x).
0
Suppose 2*b - 20 = -2*b. Let a(x) = -6*x**2 - 20*x + 16. Let q(f) = -f**2 - 4*f + 3. Let j(m) = 2*a(m) - 11*q(m). What is j(b)?
-6
Suppose 4*z - 8 = -16. Let b(m) = m**3 + m + 1. What is b(z)?
-9
Let b be (-2 - (-3 + -1))/(1/1). Let g(k) = k**3 - 2*k**2 - k - 1. Give g(b).
-3
Let k be 1 - 3 - 45/(-9). Let q(p) be the second derivative of -p**2 + 2*p + 1/12*p**4 + 0 - 1/6*p**k. Calculate q(3).
4
Let l(y) = 2*y**3 + 1. Let d(w) = w**3 - 6*w**2 - 8*w + 10. Let s be d(7). Suppose -2*j + m = -j + 6, -5*j + s*m = 22. Let k be (-3)/(-2)*j/3. What is l(k)?
-1
Let s = -7 - -13. Let j = -6 + s. Let r(f) = -9*f**3 - 5*f**2 + 2*f - 19. Let q(v) = 4*v**3 + 2*v**2 - v + 9. Let i(g) = 7*q(g) + 3*r(g). Give i(j).
6
Let j = 1 + -2. Let t(x) = -x**2 + 4*x - 7. Let k(s) = 3*s**2 - 9*s + 15. Let f(z) = -6*k(z) - 13*t(z). Calculate f(j).
-6
Let b(r) be the second derivative of -2*r**3/3 + 3*r**2/2 + r. Suppose -8 = 3*s - 2, 0 = -2*h - 2*s. What is b(h)?
-5
Let o(i) be the second derivative of -i**3 - i**2 + 32*i. Calculate o(-3).
16
Let d = 7 + -4. Let c(k) = d*k + 2*k + k**2 + 0*k - 6 - 6*k. What is c(0)?
-6
Let l(j) = -148*j + 141*j - 1 - 3*j**2 + 0*j**2. Let s(c) = -c**2 - 2*c. Let w(n) = -3*l(n) + 8*s(n). What is w(-6)?
9
Let y(m) = 2*m - 10. Let p be y(8). Let k = p + 1. Let t(z) = 3*z**2 - k*z + z**2 - 3*z**2 + 6. Calculate t(4).
-6
Let p(s) be the second derivative of -s**4/4 + s**2/2 - 5*s. Let m be 2*1*1/(-2). Give p(m).
-2
Let g be 4*(-1)/(-4) + 2. Let z(n) = -4*n + n + 4*n - 2. Determine z(g).
1
Let z(q) = q**2 + q + 20. Suppose 0 = 4*s - 9*s. Calculate z(s).
20
Let o(v) be the third derivative of v**6/120 - 3*v**5/20 - 11*v**4/24 + 11*v**3/6 + 15*v**2. Calculate o(10).
1
Let v be 2/(-1) + -1 + 6. Let u(l) = 2*l**2 - 3*l - 3. What is u(v)?
6
Let m(i) be the third derivative of -i**4/8 - 5*i**3/6 - 11*i**2. What is m(-4)?
7
Let q(t) = -t**3 + 3*t**2 + 1. Let w = -18 - -27. Suppose -x - 3*j + 6 = 4*x, -5*x = 2*j - w. Give q(x).
1
Let y(i) = 5*i + 0*i + 20*i**2 + i - 19*i**2 - 1. Calculate y(-3).
-10
Let b(l) = -2*l + 8. Let f(j) = j**3 + 7*j**2 - 10*j - 10. Let k be f(-8). What is b(k)?
-4
Let j(w) = -w**2 + 15 - 19 + w**3 + 8*w + w + 11*w**2. Determine j(-9).
-4
Let s = 5 - 8. Let z(j) = -3 - 2*j + 1 + 1 - 2*j. Calculate z(s).
11
Let a(f) = 2*f + 1. Let b be (-28)/6 - (-4)/(-12). Let g = b + 1. Calculate a(g).
-7
Let a(v) = -v**2 + 4*v. Suppose -6*m + m = 25. Let n be m/35 - 44/(-14). Give a(n).
3
Let d(l) = -2*l - 9. Let r be -3 - (18/2 - 5). Give d(r).
5
Let r(o) = o**3 + 5*o**2 - 7*o. Let t be r(-6). Let k(u) = -u - 1. Give k(t).
-7
Let y = -11 - -11. Let v = y - -1. Let p(l) = -3*l + 1. Give p(v).
-2
Suppose -3*m + m - 3 = -p, 2*m - 2*p + 4 = 0. Let n(t) = -11*t - 1. Give n(m).
10
Let c(s) be the second derivative of s**4/12 - 7*s**3/6 + 3*s**2/2 + 6*s. Let g be c(6). Let r(j) = j**3 + 4*j**2 + 4*j + 3. Determine r(g).
0
Let z = 0 + -3. Let d(x) be the third derivative of -1/12*x**4 + 0 + 2*x**2 + 0*x - 1/2*x**3. Calculate d(z).
3
Let n(j) be the third derivative of -j**9/60480 + j**8/4032 + j**6/720 - j**5/60 - 2*j**2. Let g(b) be the third derivative of n(b). Determine g(5).
1
Let b(h) = 0*h**2 - 4 - h - 2*h**2 + 3*h**2. Determine b(0).
-4
Let m = 54 + -60. Let a(n) = n**2 + 8*n + 7. What is a(m)?
-5
Suppose 4*c + 2*m = -3*m + 17, -3*m = 4*c - 15. Suppose 4*j - 8 = -c*r, -3*r - 5*j + 13 - 3 = 0. Let t(q) = -2*q + 3 + 0*q + 4 + r*q. What is t(5)?
-3
Let k(l) be the second derivative of -2/3*l**3 - 1/12*l**4 + 2*l + 0 + 0*l**2. Let x be 9/(-15) + 12/(-5). Give k(x).
3
Let k be (-3)/2*6/(-3). Suppose -6 = 3*w + 5*o, k*w = -0*w + 2*o + 15. Let y(s) = -s**3 + 3*s**2 - 2*s - 4. Give y(w).
-10
Let i(a) = -a**3 - 22*a**2 - 22*a - 15. Let l be i(-21). Let p(d) = -d**3 + 7*d**2 - 10*d + 6. Calculate p(l).
-18
Let z(v) = -v**2 + 5*v - 4. Let r be z(5). Let n(c) be the second derivative of 7/6*c**3 + 5/2*c**2 + 0 + 1/2*c**4 - 2*c + 1/20*c**5. Calculate n(r).
9
Let k(s) = -s**3 + 8*s**2 - s + 5. Let g be k(8). Let o(j) = 2*j - 4. Let x be o(3). Let l(f) = 4*f**x - f + 4 + 2*f + f**3 + f. What is l(g)?
7
Let a = 11 - 16. Let u(m) = m**3 + 5*m**2 + m + 4. Determine u(a).
-1
Let n = 16 + -8. Let f(s) = -3 - n*s**2 + 2 + 3*s**2 + s. Calculate f(1).
-5
Let n(d) be the first derivative of -d**2/2 - 13*d + 7. Let i be n(-7). Let o(r) = -r**3 - 5*r**2 + 6*r - 4. Determine o(i).
-4
Suppose 0 = l - 2*s, -s - 6 = -3*l + 4. Let d(h) = h**3 - 5*h**2 + 4*h + 5. What is d(l)?
5
Let m = 16 - 13. Suppose -16 = -4*g + 4*a, m*a + 2*a = -2*g - 13. Let w(p) = 8*p**3 + 2*p - 1. Give w(g).
9
Let v = 20 + -23. Let f(n) = -n + 1. What is f(v)?
4
Let s(n) = n**2 + 5*n - 2. Let t = -41 - -36. Calculate s(t).
-2
Let n(d) = d**2 + 1. Let j(m) = m**3 + m + 2. Let b(h) = 2*j(h) - 3*n(h). Calculate b(2).
9
Let w(o) = -o**2 + 7*o + 13. Let n be w(9). Let j(t) = 6. Let u(a) = -a + 5. Suppose 5*z - 26 = y, 0*z = z - 4*y + 10. Let q(c) = n*j(c) + z*u(c). Give q(1).
-6
Let b(o) = o**3 - 5. Let u(m) = -m**2 - 7*m - 6. Let v be u(-6). What is b(v)?
-5
Suppose 3*v - 5 = -g, -2*v - 3*g - g = -20. Suppose 8 = -2*d - v*d. Let w(z) = -4*z - z**2 + 1 - 1 - 2 - 3. Give w(d).
-5
Let c(v) = 5*v**2 - 3*v**2 - 3*v**2 + 1 - v**2. What is c(1)?
-1
Suppose -5 = -2*m - 7. Let l(j) = -12*j**2 - 2*j - 1. Give l(m).
-11
Let h(n) = 2*n**2 - 6*n. Let y(o) = -o - 2. Let v be y(-6). Calculate h(v).
8
Suppose j + 2*h + 5 = 4*h, 0 = -4*j - 4*h - 8. Let w(b) = -b**2 - b + 3. Determine w(j).
-3
Let a(j) = 3*j**3 + 6*j**2 - 9*j + 9. Let o(g) = -4*g**3 - 6*g**2 + 10*g - 10. Let l(u) = -5*a(u) - 4*o(u). Calculate l(5).
-5
Suppose -2